{"id":28342,"date":"2026-03-05T12:35:22","date_gmt":"2026-03-05T10:35:22","guid":{"rendered":"https:\/\/makeupatelier.ee\/pood\/product\/youth-effect-jumestuskreem\/"},"modified":"2026-04-25T03:00:53","modified_gmt":"2026-04-25T00:00:53","slug":"youth-effect-jumestuskreem","status":"publish","type":"product","link":"https:\/\/makeupatelier.ee\/pood\/product\/youth-effect-jumestuskreem\/","title":{"rendered":"YOUTH EFFECT jumestuskreem"},"content":{"rendered":"","protected":false},"excerpt":{"rendered":"<p>Youth Glow Foundation \u00fchendab endas meigi ja nahahoolduse \u00fches ainulaadses, mitmek\u00fclgse toimega tootes.<\/p>\n<p>Toitev koostis p\u00f5hineb pehmendavatel \u00f5lidel ning on rikastatud siluva taimse kompleksiga ja antioks\u00fcdantsete vitamiinidega A ja E. Toode sisaldab orgaanilisi pulbreid, mis aitavad tasandada naha ebatasasusi ning toimivad justkui \u201et\u00e4iteainetena\u201c, v\u00e4hendades n\u00e4htavaid iluvigu ilma paksu meigikihita.<\/p>\n<p>Tulemuseks on erakordselt loomulik ja kerge jume. Toode sobib eriti h\u00e4sti k\u00fcpsele nahale.<\/p>\n<p>Dermatoloogiliselt testitud.<br \/>\nKogus: 40 ml<\/p>\n<p>Peamised koostisosad<\/p>\n<p>H\u00fcaluroonhape (0,5%) \u2013 aitab s\u00e4ilitada naha niiskust ja pehmust, v\u00e4hendab kortsude n\u00e4htavust ning parandab naha tekstuuri. Kaitseb nahka ka v\u00e4liste kahjulike m\u00f5jude eest.<\/p>\n<p>Boorniitriid \u2013 tagab hea nakkuvuse ja siidiselt sileda katvuse. Aitab t\u00e4ita ja visuaalselt siluda nii s\u00fcgavamaid kortse kui ka peeneid jooni.<\/p>\n<p>Pantenool (provitamiin B5) \u2013 niisutava, rahustava ja p\u00f5letikuvastase toimega.<\/p>\n<p>Stabiliseeritud C-vitamiin \u2013 aitab \u00fchtlustada nahatooni, kirgastab jumet ja v\u00e4hendab pigmendilaike.<\/p>\n<p>T\u00f6\u00f6deldud pigmendid \u2013 l\u00fcsiiniga t\u00f6\u00f6deldud pigmendid annavad kreemja ja sileda tunde, tagavad hea nakkuvuse ning pikaajalise p\u00fcsivuse nahal.<\/p>\n","protected":false},"featured_media":28341,"comment_status":"open","ping_status":"closed","template":"","meta":[],"product_cat":[193],"product_tag":[],"class_list":{"0":"post-28342","1":"product","2":"type-product","3":"status-publish","4":"has-post-thumbnail","6":"product_cat-jumestuskreemid","8":"first","9":"instock","10":"sale","11":"taxable","12":"shipping-taxable","13":"purchasable","14":"product-type-variable"},"aioseo_notices":[],"_links":{"self":[{"href":"https:\/\/makeupatelier.ee\/pood\/wp-json\/wp\/v2\/product\/28342","targetHints":{"allow":["GET"]}}],"collection":[{"href":"https:\/\/makeupatelier.ee\/pood\/wp-json\/wp\/v2\/product"}],"about":[{"href":"https:\/\/makeupatelier.ee\/pood\/wp-json\/wp\/v2\/types\/product"}],"replies":[{"embeddable":true,"href":"https:\/\/makeupatelier.ee\/pood\/wp-json\/wp\/v2\/comments?post=28342"}],"wp:featuredmedia":[{"embeddable":true,"href":"https:\/\/makeupatelier.ee\/pood\/wp-json\/wp\/v2\/media\/28341"}],"wp:attachment":[{"href":"https:\/\/makeupatelier.ee\/pood\/wp-json\/wp\/v2\/media?parent=28342"}],"wp:term":[{"taxonomy":"product_cat","embeddable":true,"href":"https:\/\/makeupatelier.ee\/pood\/wp-json\/wp\/v2\/product_cat?post=28342"},{"taxonomy":"product_tag","embeddable":true,"href":"https:\/\/makeupatelier.ee\/pood\/wp-json\/wp\/v2\/product_tag?post=28342"}],"curies":[{"name":"wp","href":"https:\/\/api.w.org\/{rel}","templated":true}]}}