{"id":24774,"date":"2024-09-05T14:08:43","date_gmt":"2024-09-05T11:08:43","guid":{"rendered":"http:\/\/makeupatelier.ee\/pood\/product\/balmain-teksturi-andev-voluumisprei-200-ml\/"},"modified":"2026-03-03T11:39:34","modified_gmt":"2026-03-03T09:39:34","slug":"balmain-teksturi-andev-voluumisprei-200-ml","status":"publish","type":"product","link":"https:\/\/makeupatelier.ee\/pood\/product\/balmain-teksturi-andev-voluumisprei-200-ml\/","title":{"rendered":"BALMAIN Teksturi andev vol\u00fc\u00fcmisprei 200 ml"},"content":{"rendered":"<div class=\"woocommerce-tabs wc-tabs-wrapper\" style=\"clear: both; , sans-serif;font-size: 14px;\">\n<div id=\"tab-description\" class=\"woocommerce-Tabs-panel woocommerce-Tabs-panel--description panel entry-content wc-tab\" style=\"margin: 0px 0px 2em; padding: 0px;\" role=\"tabpanel\" aria-labelledby=\"tab-title-description\">\n<div class=\"page\" title=\"Page 6\">\n<div class=\"section\">\n<div class=\"layoutArea\">\n<div class=\"column\">\n<p><em><strong>Kasutamine:<\/strong>\u00a0<\/em><em>Enne kasutamist loksuta pudelit. Pihusta 15\u201320 cm kauguselt kuivadesse v\u00f5i niisketesse juustesse, eriti juuksejuurtele ja vormi soeng.<\/em><\/p>\n<p><strong><em>Koostis:\u00a0<\/em><\/strong><em>Butane, Alcohol Denat., Isobutane, Propane, VP\/VA Copolymer, Aluminum Starch Octenylsuccinate, Silica, Solanum Tuberosum (Potato)Starch, Cocotrimonium Methosulfate, Aqua, Tocopherol, Benzophenone-4, Parfum.<\/em><\/p>\n<\/div>\n<\/div>\n<\/div>\n<\/div>\n<\/div>\n<\/div>\n<section class=\"related products\" style=\"width: 817.796875px; max-width: 1100px; margin: 40px auto; padding: 15px; , sans-serif;font-size: 14px;\">\u00a0<\/section>\n","protected":false},"excerpt":{"rendered":"<p>Mitmek\u00fclgne vol\u00fc\u00fcmisprei, mis lisab kohevust, struktuuri ning on ideaalne juuksejuurte t\u00f5stmiseks. Tulemus on kiire ja kauap\u00fcsiv. Tagab soengule tugeva hoidvuse. Sobib igap\u00e4evaseks kasutamiseks.<\/p>\n<p>Kogus: 200 ml<\/p>\n","protected":false},"featured_media":24773,"comment_status":"open","ping_status":"closed","template":"","meta":[],"product_cat":[208],"product_tag":[],"class_list":{"0":"post-24774","1":"product","2":"type-product","3":"status-publish","4":"has-post-thumbnail","6":"product_cat-viimistlus","8":"first","9":"instock","10":"sale","11":"taxable","12":"shipping-taxable","13":"purchasable","14":"product-type-simple"},"aioseo_notices":[],"_links":{"self":[{"href":"https:\/\/makeupatelier.ee\/pood\/wp-json\/wp\/v2\/product\/24774","targetHints":{"allow":["GET"]}}],"collection":[{"href":"https:\/\/makeupatelier.ee\/pood\/wp-json\/wp\/v2\/product"}],"about":[{"href":"https:\/\/makeupatelier.ee\/pood\/wp-json\/wp\/v2\/types\/product"}],"replies":[{"embeddable":true,"href":"https:\/\/makeupatelier.ee\/pood\/wp-json\/wp\/v2\/comments?post=24774"}],"wp:featuredmedia":[{"embeddable":true,"href":"https:\/\/makeupatelier.ee\/pood\/wp-json\/wp\/v2\/media\/24773"}],"wp:attachment":[{"href":"https:\/\/makeupatelier.ee\/pood\/wp-json\/wp\/v2\/media?parent=24774"}],"wp:term":[{"taxonomy":"product_cat","embeddable":true,"href":"https:\/\/makeupatelier.ee\/pood\/wp-json\/wp\/v2\/product_cat?post=24774"},{"taxonomy":"product_tag","embeddable":true,"href":"https:\/\/makeupatelier.ee\/pood\/wp-json\/wp\/v2\/product_tag?post=24774"}],"curies":[{"name":"wp","href":"https:\/\/api.w.org\/{rel}","templated":true}]}}