{"id":24754,"date":"2024-09-05T14:08:34","date_gmt":"2024-09-05T11:08:34","guid":{"rendered":"http:\/\/makeupatelier.ee\/pood\/product\/cosmetic-bag-fall-winter-%c2%b7-limited-edition\/"},"modified":"2026-03-05T02:00:06","modified_gmt":"2026-03-05T00:00:06","slug":"cosmetic-bag-fall-winter-%c2%b7-limited-edition","status":"publish","type":"product","link":"https:\/\/makeupatelier.ee\/pood\/product\/cosmetic-bag-fall-winter-%c2%b7-limited-edition\/","title":{"rendered":"Cosmetic Bag Fall\/Winter  \u00b7 Limited edition"},"content":{"rendered":"<p style=\", sans-serif;font-size: 14px;\"><em><strong><a style=\"text-decoration: none;\" href=\"https:\/\/www.decoris.ee\/pood\/balmain-hair-couture\/balmain-moisturizing-shampoo\/\"><span style=\"text-decoration: underline;\">Niisutav \u0161ampoon<\/span><\/a>, 50 ml<\/strong><\/em><\/p>\n<p style=\", sans-serif;font-size: 14px;\"><em>\u0160ampoon kahjustatud ja\/v\u00f5i v\u00e4rvitud juustele.\u00a0Niisutav \u0161ampoon toidab juukseid s\u00fcgavuti. Selle koostis on rikastatud puhta orgaanilise argaania\u00f5liga. Sobib keemiliselt t\u00f6\u00f6deldud ja\/v\u00f5i v\u00e4rvitud juustele. Muudab juuksed tugevaks, s\u00e4ravaks ja kergesti k\u00e4sitletavaks. Toidab, taastab ja annab juustele loomulikku s\u00e4ra ja elastsust. Siidiproteiin ja argaania\u00f5li s\u00e4ilitavad optimaalse niiskustaseme juustes, parandavad ja kaitsevad kahjustunud, kuivi ja n\u00f5rkasid juukseid kahjuliku keskkonnam\u00f5ju eest. Balmaini signatuurl\u00f5hnaga. Parabeenivaba.<\/em><\/p>\n<p style=\", sans-serif;font-size: 14px;\"><em><strong><span style=\"text-decoration: underline;\"><a style=\"text-decoration: none;\" href=\"https:\/\/www.decoris.ee\/pood\/balmain-hair-couture\/balmain-moisturizing-conditioner\/\">Niisutav palsam<\/a><\/span>, 50 ml<\/strong><\/em><\/p>\n<p style=\", sans-serif;font-size: 14px;\"><em>Palsam kahjustatud ja\/v\u00f5i v\u00e4rvitud juustele.\u00a0Juukseid taastav ja rikkalikult toitev palsam on rikastatud puhta orgaanilise argaania\u00f5liga. Parandab, tugevdab ja kaitseb. Teeb juuksed kergemini k\u00e4sitletavaks ja lisab s\u00e4ra. Siidiproteiin ja argaania\u00f5li s\u00e4ilitavad optimaalse niiskustaseme juustes, parandavad ja kaitsevad kahjustunud, kuivi ja n\u00f5rkasid juukseid kahjuliku keskkonnam\u00f5ju eest. Balmaini signatuurl\u00f5hnaga. Parabeenivaba.<\/em><\/p>\n<p style=\", sans-serif;font-size: 14px;\"><i><a style=\"text-decoration: none;\" href=\"https:\/\/www.decoris.ee\/shop\/balmain-hair-couture\/balmain-silk-perfume\/\"><strong>Silk Perfume<\/strong><\/a><strong>, 50ml<\/strong><\/i><\/p>\n<p style=\", sans-serif;font-size: 14px;\"><em>L\u00e4ikesprei soengu viimistlemiseks. Sisaldab toitvat argaania\u00f5li. Harutab lahti pusad ning parandab kahjustatud juuksed, tagades kauakestva l\u00e4ike ja kaitse v\u00e4lism\u00f5jude eest. Siidiproteiin ja argaania\u00f5li s\u00e4ilitavad optimaalse niiskustaseme juustes, parandavad ja kaitsevad kahjustunud, kuivi ja n\u00f5rkasid juukseid kahjuliku keskkonnam\u00f5ju eest. Teeb juuksed l\u00e4ikivaks ja s\u00e4ravaks. Balmaini signatuurl\u00f5hnaga.\u00a0<\/em><\/p>\n","protected":false},"excerpt":{"rendered":"<p>Balmain Hair Couture limiteeritud kollektsiooni kosmeetikakott on saanud inspiratsiooni moelavadelt ja on loodud sobima kokku moemaja viimase kollektsiooni loominguga. Kott on t\u00e4idetud Balmain Hair minitoodetega.<\/p>\n<p>Komplekt sisaldab:<\/p>\n<p>Must lakk-nahas kotike<br \/>\nMoisturizing Shampoo, 50 ml<br \/>\nMoisturizing Conditioner, 50 ml<br \/>\nSilk Perfume Spray, 50ml<\/p>\n","protected":false},"featured_media":24753,"comment_status":"open","ping_status":"closed","template":"","meta":[],"product_cat":[210],"product_tag":[],"class_list":{"0":"post-24754","1":"product","2":"type-product","3":"status-publish","4":"has-post-thumbnail","6":"product_cat-kinkekomplektid","8":"first","9":"instock","10":"sale","11":"taxable","12":"shipping-taxable","13":"purchasable","14":"product-type-simple"},"aioseo_notices":[],"_links":{"self":[{"href":"https:\/\/makeupatelier.ee\/pood\/wp-json\/wp\/v2\/product\/24754","targetHints":{"allow":["GET"]}}],"collection":[{"href":"https:\/\/makeupatelier.ee\/pood\/wp-json\/wp\/v2\/product"}],"about":[{"href":"https:\/\/makeupatelier.ee\/pood\/wp-json\/wp\/v2\/types\/product"}],"replies":[{"embeddable":true,"href":"https:\/\/makeupatelier.ee\/pood\/wp-json\/wp\/v2\/comments?post=24754"}],"wp:featuredmedia":[{"embeddable":true,"href":"https:\/\/makeupatelier.ee\/pood\/wp-json\/wp\/v2\/media\/24753"}],"wp:attachment":[{"href":"https:\/\/makeupatelier.ee\/pood\/wp-json\/wp\/v2\/media?parent=24754"}],"wp:term":[{"taxonomy":"product_cat","embeddable":true,"href":"https:\/\/makeupatelier.ee\/pood\/wp-json\/wp\/v2\/product_cat?post=24754"},{"taxonomy":"product_tag","embeddable":true,"href":"https:\/\/makeupatelier.ee\/pood\/wp-json\/wp\/v2\/product_tag?post=24754"}],"curies":[{"name":"wp","href":"https:\/\/api.w.org\/{rel}","templated":true}]}}