{"id":24728,"date":"2024-09-05T11:08:16","date_gmt":"2024-09-05T11:08:16","guid":{"rendered":"http:\/\/makeupatelier.ee\/pood\/product\/refill-puudrid\/"},"modified":"2025-07-10T03:38:34","modified_gmt":"2025-07-10T00:38:34","slug":"refill-puudrid","status":"publish","type":"product","link":"https:\/\/makeupatelier.ee\/pood\/product\/refill-puudrid\/","title":{"rendered":"Refill puudrid"},"content":{"rendered":"","protected":false},"excerpt":{"rendered":"<p>K\u00f5rge pigmentatsiooniga, silikoonip\u00f5hised lauv\u00e4rvid, p\u00f5sepunad, highlight &amp; shadow (refill puudrid). Refill s\u00fcsteemi kuuluvad toonid on \u00fcksikus 3,6 cm t\u00e4itekarbis. Toode on veekindel. L\u00f5hnaainete vaba. V\u00f5imalik komplekteerida \u00fcksikusse t\u00fchja karpi (tootekood GD36), 4kohalisse paletti (PRR4) v\u00f5i 10kohalisse paletti (PRR10). Vt. lisatooted.<\/p>\n<p>3,5 g<\/p>\n","protected":false},"featured_media":24727,"comment_status":"open","ping_status":"closed","template":"","meta":[],"product_cat":[203],"product_tag":[],"class_list":{"0":"post-24728","1":"product","2":"type-product","3":"status-publish","4":"has-post-thumbnail","6":"product_cat-modelleering","8":"first","9":"instock","10":"taxable","11":"shipping-taxable","12":"purchasable","13":"product-type-variable"},"aioseo_notices":[],"_links":{"self":[{"href":"https:\/\/makeupatelier.ee\/pood\/wp-json\/wp\/v2\/product\/24728","targetHints":{"allow":["GET"]}}],"collection":[{"href":"https:\/\/makeupatelier.ee\/pood\/wp-json\/wp\/v2\/product"}],"about":[{"href":"https:\/\/makeupatelier.ee\/pood\/wp-json\/wp\/v2\/types\/product"}],"replies":[{"embeddable":true,"href":"https:\/\/makeupatelier.ee\/pood\/wp-json\/wp\/v2\/comments?post=24728"}],"wp:featuredmedia":[{"embeddable":true,"href":"https:\/\/makeupatelier.ee\/pood\/wp-json\/wp\/v2\/media\/24727"}],"wp:attachment":[{"href":"https:\/\/makeupatelier.ee\/pood\/wp-json\/wp\/v2\/media?parent=24728"}],"wp:term":[{"taxonomy":"product_cat","embeddable":true,"href":"https:\/\/makeupatelier.ee\/pood\/wp-json\/wp\/v2\/product_cat?post=24728"},{"taxonomy":"product_tag","embeddable":true,"href":"https:\/\/makeupatelier.ee\/pood\/wp-json\/wp\/v2\/product_tag?post=24728"}],"curies":[{"name":"wp","href":"https:\/\/api.w.org\/{rel}","templated":true}]}}