{"id":24724,"date":"2024-09-05T14:08:15","date_gmt":"2024-09-05T11:08:15","guid":{"rendered":"http:\/\/makeupatelier.ee\/pood\/product\/huulelaige-starshine\/"},"modified":"2025-11-06T12:15:54","modified_gmt":"2025-11-06T10:15:54","slug":"huulelaige-starshine","status":"publish","type":"product","link":"https:\/\/makeupatelier.ee\/pood\/product\/huulelaige-starshine\/","title":{"rendered":"Huulel\u00e4ige-Starshine"},"content":{"rendered":"","protected":false},"excerpt":{"rendered":"<p>Eriti s\u00e4delev huulel\u00e4ige (sisaldab s\u00e4delevat pigmenti), mille pehme koostis niisutab huuli ja muudab huuled visuaalselt vol\u00fc\u00fcmikamaks ning peidab v\u00e4iksed kortsud.<br \/>\nToote koostis on rikastatud niisutavate \u00f5lide ja vitamiinidega.<\/p>\n","protected":false},"featured_media":24723,"comment_status":"open","ping_status":"closed","template":"","meta":[],"product_cat":[191],"product_tag":[],"class_list":{"0":"post-24724","1":"product","2":"type-product","3":"status-publish","4":"has-post-thumbnail","6":"product_cat-huuled","8":"first","9":"instock","10":"taxable","11":"shipping-taxable","12":"purchasable","13":"product-type-variable"},"aioseo_notices":[],"_links":{"self":[{"href":"https:\/\/makeupatelier.ee\/pood\/wp-json\/wp\/v2\/product\/24724","targetHints":{"allow":["GET"]}}],"collection":[{"href":"https:\/\/makeupatelier.ee\/pood\/wp-json\/wp\/v2\/product"}],"about":[{"href":"https:\/\/makeupatelier.ee\/pood\/wp-json\/wp\/v2\/types\/product"}],"replies":[{"embeddable":true,"href":"https:\/\/makeupatelier.ee\/pood\/wp-json\/wp\/v2\/comments?post=24724"}],"wp:featuredmedia":[{"embeddable":true,"href":"https:\/\/makeupatelier.ee\/pood\/wp-json\/wp\/v2\/media\/24723"}],"wp:attachment":[{"href":"https:\/\/makeupatelier.ee\/pood\/wp-json\/wp\/v2\/media?parent=24724"}],"wp:term":[{"taxonomy":"product_cat","embeddable":true,"href":"https:\/\/makeupatelier.ee\/pood\/wp-json\/wp\/v2\/product_cat?post=24724"},{"taxonomy":"product_tag","embeddable":true,"href":"https:\/\/makeupatelier.ee\/pood\/wp-json\/wp\/v2\/product_tag?post=24724"}],"curies":[{"name":"wp","href":"https:\/\/api.w.org\/{rel}","templated":true}]}}