{"id":24714,"date":"2024-09-05T14:07:59","date_gmt":"2024-09-05T11:07:59","guid":{"rendered":"http:\/\/makeupatelier.ee\/pood\/product\/lauvarvi-refill\/"},"modified":"2026-03-31T11:57:33","modified_gmt":"2026-03-31T08:57:33","slug":"lauvarvi-refill","status":"publish","type":"product","link":"https:\/\/makeupatelier.ee\/pood\/product\/lauvarvi-refill\/","title":{"rendered":"Lauv\u00e4rvi REFILL"},"content":{"rendered":"","protected":false},"excerpt":{"rendered":"<p>Lauv\u00e4rvi refillid mattide, s\u00e4delevate ning p\u00e4rlmutter toonidega.<\/p>\n<p>V\u00e4rvid on intensiivsed, k\u00f5rge pigmentatsiooniga, silikoonip\u00f5hised, mille abil saavutate kauap\u00fcsiva veekindla jumestuse. V\u00e4rv j\u00e4tab nahale elastse kihi, et p\u00fcsida lau liikuval osal. Lauv\u00e4rvid sobivad kauap\u00fcsiva jumestuse tegemiseks. Toode on veekindel. L\u00f5hnaainete vaba.<br \/>\nRefill s\u00fcsteemi kuuluvad toonid on \u00fcksikus 2,6 cm t\u00e4itepakendis. Tegemist on 5kohalise paletti t\u00e4ite refillidega. Samuti on v\u00f5imalik refille komplekteerida \u00fcksikusse t\u00fchja karpi (tootekood GD26), 24kohalisse paletti (PRR24) v\u00f5i magnet paletti Vt. lisatooted.<\/p>\n","protected":false},"featured_media":24713,"comment_status":"open","ping_status":"closed","template":"","meta":[],"product_cat":[197],"product_tag":[],"class_list":{"0":"post-24714","1":"product","2":"type-product","3":"status-publish","4":"has-post-thumbnail","6":"product_cat-lauvarvid","8":"first","9":"instock","10":"taxable","11":"shipping-taxable","12":"purchasable","13":"product-type-variable"},"aioseo_notices":[],"_links":{"self":[{"href":"https:\/\/makeupatelier.ee\/pood\/wp-json\/wp\/v2\/product\/24714","targetHints":{"allow":["GET"]}}],"collection":[{"href":"https:\/\/makeupatelier.ee\/pood\/wp-json\/wp\/v2\/product"}],"about":[{"href":"https:\/\/makeupatelier.ee\/pood\/wp-json\/wp\/v2\/types\/product"}],"replies":[{"embeddable":true,"href":"https:\/\/makeupatelier.ee\/pood\/wp-json\/wp\/v2\/comments?post=24714"}],"wp:featuredmedia":[{"embeddable":true,"href":"https:\/\/makeupatelier.ee\/pood\/wp-json\/wp\/v2\/media\/24713"}],"wp:attachment":[{"href":"https:\/\/makeupatelier.ee\/pood\/wp-json\/wp\/v2\/media?parent=24714"}],"wp:term":[{"taxonomy":"product_cat","embeddable":true,"href":"https:\/\/makeupatelier.ee\/pood\/wp-json\/wp\/v2\/product_cat?post=24714"},{"taxonomy":"product_tag","embeddable":true,"href":"https:\/\/makeupatelier.ee\/pood\/wp-json\/wp\/v2\/product_tag?post=24714"}],"curies":[{"name":"wp","href":"https:\/\/api.w.org\/{rel}","templated":true}]}}