{"id":24702,"date":"2024-09-05T14:07:50","date_gmt":"2024-09-05T11:07:50","guid":{"rendered":"http:\/\/makeupatelier.ee\/pood\/product\/age-control-jumestuskreem\/"},"modified":"2026-03-16T14:50:39","modified_gmt":"2026-03-16T12:50:39","slug":"age-control-jumestuskreem","status":"publish","type":"product","link":"https:\/\/makeupatelier.ee\/pood\/product\/age-control-jumestuskreem\/","title":{"rendered":"AGE CONTROL Jumestuskreem"},"content":{"rendered":"<p style=\"margin: 0px;font-size: 12px;line-height: normal;font-family: 'Lucida Grande'\">AQUA\/WATER\/EAU, BUTYLENE GLYCOL, BIS-HYDROXYETHOXYPROPYL DIMETHICONE, PHENYL TRIMETHICONE, CETYL PEG\/PPG-10\/1 DIMETHICONE, POLYGLYCERYL-2-ISOSTEARATE, HEXYL LAURATE, DIMETHICONE\/VINYL DIMETHICONE CROSSPOLYMER, SILICA, CALCIUM ALUMINUM BOROSILICATE, BISMUTH OXYCHLORIDE, SODIUM LACTATE, TEA-LACTATE, SERINE, LACTIC ACID, ALLANTOIN , SODIUM CHLORURE, DEHYDROACETIC ACID, BENZYL ALCOHOL. NOT TESTED ON ANIMALS.<\/p>\n","protected":false},"excerpt":{"rendered":"<p>Toitev jumestuskreem k\u00fcpsemale nahale, millesse on \u00fchendatud samaaegselt nahahooldus. Sisaldab toitvaid \u00f5lisi ja on rikastatud taimeekstraktidega ning antioks\u00fcdantiliste omadustega A ja E vitamiinidega. Orgaanilised osakesed pehmendavad v\u00e4ikeseid kortsukesi ja poore, andes nahale veatu tulemuse.<br \/>\nV\u00f5imaldab kerget ja naturaalset tulemust.<\/p>\n<p>30 ml<\/p>\n","protected":false},"featured_media":24701,"comment_status":"open","ping_status":"closed","template":"","meta":[],"product_cat":[193],"product_tag":[],"class_list":{"0":"post-24702","1":"product","2":"type-product","3":"status-publish","4":"has-post-thumbnail","6":"product_cat-jumestuskreemid","8":"first","9":"instock","10":"sale","11":"taxable","12":"shipping-taxable","13":"purchasable","14":"product-type-variable"},"aioseo_notices":[],"_links":{"self":[{"href":"https:\/\/makeupatelier.ee\/pood\/wp-json\/wp\/v2\/product\/24702","targetHints":{"allow":["GET"]}}],"collection":[{"href":"https:\/\/makeupatelier.ee\/pood\/wp-json\/wp\/v2\/product"}],"about":[{"href":"https:\/\/makeupatelier.ee\/pood\/wp-json\/wp\/v2\/types\/product"}],"replies":[{"embeddable":true,"href":"https:\/\/makeupatelier.ee\/pood\/wp-json\/wp\/v2\/comments?post=24702"}],"wp:featuredmedia":[{"embeddable":true,"href":"https:\/\/makeupatelier.ee\/pood\/wp-json\/wp\/v2\/media\/24701"}],"wp:attachment":[{"href":"https:\/\/makeupatelier.ee\/pood\/wp-json\/wp\/v2\/media?parent=24702"}],"wp:term":[{"taxonomy":"product_cat","embeddable":true,"href":"https:\/\/makeupatelier.ee\/pood\/wp-json\/wp\/v2\/product_cat?post=24702"},{"taxonomy":"product_tag","embeddable":true,"href":"https:\/\/makeupatelier.ee\/pood\/wp-json\/wp\/v2\/product_tag?post=24702"}],"curies":[{"name":"wp","href":"https:\/\/api.w.org\/{rel}","templated":true}]}}