{"id":24632,"date":"2024-09-05T14:07:14","date_gmt":"2024-09-05T11:07:14","guid":{"rendered":"http:\/\/makeupatelier.ee\/pood\/product\/highlight-palett\/"},"modified":"2025-07-22T16:05:49","modified_gmt":"2025-07-22T13:05:49","slug":"highlight-palett","status":"publish","type":"product","link":"https:\/\/makeupatelier.ee\/pood\/product\/highlight-palett\/","title":{"rendered":"Highlight Palett"},"content":{"rendered":"","protected":false},"excerpt":{"rendered":"<p>Strobing Colors Palett<br \/>\nPalett nelja highlighter&#8217;iga, mis sobivad heledale ja kuldse alatooniga nahale. P\u00e4rlmutterviimistlusega pressitud puudrid on pehme ja siidise tekstuuriga. Aminohapetega t\u00f6\u00f6deldud vilgukivimikropartiiklid tagavad \u00fclipehme tunde, lihtsa pealekandmise ja hea p\u00fcsivuse nahal.<br \/>\nKreemja tekstuuriga puudrid ei r\u00f5huta peeneid kortsukesi.<br \/>\nKoostis on rikastatud tokoferool-linoleaadiga, mis t\u00e4nu k\u00f5rgele linoolhappe sisaldusele aitab ennetada naha pindmist kuivust ja v\u00f5itleb vabade radikaalide vastu.<\/p>\n<p>L\u00f5hna- ja parabeenivaba.<\/p>\n","protected":false},"featured_media":24631,"comment_status":"open","ping_status":"closed","template":"","meta":[],"product_cat":[203],"product_tag":[],"class_list":{"0":"post-24632","1":"product","2":"type-product","3":"status-publish","4":"has-post-thumbnail","6":"product_cat-modelleering","8":"first","9":"outofstock","10":"taxable","11":"shipping-taxable","12":"purchasable","13":"product-type-simple"},"aioseo_notices":[],"_links":{"self":[{"href":"https:\/\/makeupatelier.ee\/pood\/wp-json\/wp\/v2\/product\/24632","targetHints":{"allow":["GET"]}}],"collection":[{"href":"https:\/\/makeupatelier.ee\/pood\/wp-json\/wp\/v2\/product"}],"about":[{"href":"https:\/\/makeupatelier.ee\/pood\/wp-json\/wp\/v2\/types\/product"}],"replies":[{"embeddable":true,"href":"https:\/\/makeupatelier.ee\/pood\/wp-json\/wp\/v2\/comments?post=24632"}],"wp:featuredmedia":[{"embeddable":true,"href":"https:\/\/makeupatelier.ee\/pood\/wp-json\/wp\/v2\/media\/24631"}],"wp:attachment":[{"href":"https:\/\/makeupatelier.ee\/pood\/wp-json\/wp\/v2\/media?parent=24632"}],"wp:term":[{"taxonomy":"product_cat","embeddable":true,"href":"https:\/\/makeupatelier.ee\/pood\/wp-json\/wp\/v2\/product_cat?post=24632"},{"taxonomy":"product_tag","embeddable":true,"href":"https:\/\/makeupatelier.ee\/pood\/wp-json\/wp\/v2\/product_tag?post=24632"}],"curies":[{"name":"wp","href":"https:\/\/api.w.org\/{rel}","templated":true}]}}