{"id":24590,"date":"2024-09-05T14:06:53","date_gmt":"2024-09-05T11:06:53","guid":{"rendered":"http:\/\/makeupatelier.ee\/pood\/product\/balmain-kuivsampoon-300-ml\/"},"modified":"2026-03-03T11:41:01","modified_gmt":"2026-03-03T09:41:01","slug":"balmain-kuivsampoon-300-ml","status":"publish","type":"product","link":"https:\/\/makeupatelier.ee\/pood\/product\/balmain-kuivsampoon-300-ml\/","title":{"rendered":"BALMAIN Kuiv\u0161ampoon 300 ml"},"content":{"rendered":"<p style=\", sans-serif;font-size: 14px;\"><em><strong>Kasutamine:<\/strong>\u00a0r<\/em><em>aputa hoolikalt. Hoia pudelit 20-30 cm kaugusel juustest ja pihusta salkudele kergete, sujuvate vajutustega, Lase kuivada ning raputa\/kammi \u00fcleliigne toode juustest v\u00e4lja.<\/em><\/p>\n<p style=\", sans-serif;font-size: 14px;\"><em><strong>Soovitus:<\/strong>\u00a0Kasuta viimistlusvahendina, et luua matt, tekstureeritud ja vol\u00fc\u00fcmikas soengustiil.<\/em><\/p>\n<p style=\", sans-serif;font-size: 14px;\"><em><strong>Koostis<\/strong>:\u00a0Butane, Isobutane, Alcohol Denat, Propane, Solanum Tuberosum (potato) Starch, Aluminium Starch octenylsuccinate, Aqua, cocotrimonium Methosulfate, Hydrated Silica, Benzophenone-4, Perfume.<\/em><\/p>\n","protected":false},"excerpt":{"rendered":"<p>Balmain\u2019i signatuurl\u00f5hnaline kuiv\u0161ampoon v\u00e4rskendab ja elustab juuksed pesude vahel. Siidiproteiin ja argaania\u00f5li s\u00e4ilitavad optimaalse niiskustaseme juustes, parandades ja kaitstes kahjustunud, kuivi ja n\u00f5rkasid juukseid kahjuliku keskkonnam\u00f5ju eest.<\/p>\n<p>\u2013 imab endasse liigse rasu ja puhastab peanahka<br \/>\n\u2013 teeb juuksed v\u00e4rskeks, s\u00e4ravaks ja meeldivalt l\u00f5hnastatuks Balmaini signatuurl\u00f5hnaga<br \/>\n\u2013 kasuta soengu stiliseerimisel, et saavutada matt, tekstuurne ja kohev tulemus<\/p>\n<p>Kogus: 300 ml \/<\/p>\n","protected":false},"featured_media":24589,"comment_status":"open","ping_status":"closed","template":"","meta":[],"product_cat":[208],"product_tag":[],"class_list":{"0":"post-24590","1":"product","2":"type-product","3":"status-publish","4":"has-post-thumbnail","6":"product_cat-viimistlus","8":"first","9":"instock","10":"sale","11":"taxable","12":"shipping-taxable","13":"purchasable","14":"product-type-simple"},"aioseo_notices":[],"_links":{"self":[{"href":"https:\/\/makeupatelier.ee\/pood\/wp-json\/wp\/v2\/product\/24590","targetHints":{"allow":["GET"]}}],"collection":[{"href":"https:\/\/makeupatelier.ee\/pood\/wp-json\/wp\/v2\/product"}],"about":[{"href":"https:\/\/makeupatelier.ee\/pood\/wp-json\/wp\/v2\/types\/product"}],"replies":[{"embeddable":true,"href":"https:\/\/makeupatelier.ee\/pood\/wp-json\/wp\/v2\/comments?post=24590"}],"wp:featuredmedia":[{"embeddable":true,"href":"https:\/\/makeupatelier.ee\/pood\/wp-json\/wp\/v2\/media\/24589"}],"wp:attachment":[{"href":"https:\/\/makeupatelier.ee\/pood\/wp-json\/wp\/v2\/media?parent=24590"}],"wp:term":[{"taxonomy":"product_cat","embeddable":true,"href":"https:\/\/makeupatelier.ee\/pood\/wp-json\/wp\/v2\/product_cat?post=24590"},{"taxonomy":"product_tag","embeddable":true,"href":"https:\/\/makeupatelier.ee\/pood\/wp-json\/wp\/v2\/product_tag?post=24590"}],"curies":[{"name":"wp","href":"https:\/\/api.w.org\/{rel}","templated":true}]}}