{"id":24566,"date":"2024-09-05T14:06:44","date_gmt":"2024-09-05T11:06:44","guid":{"rendered":"http:\/\/makeupatelier.ee\/pood\/product\/contouring-palett\/"},"modified":"2026-03-19T02:00:13","modified_gmt":"2026-03-19T00:00:13","slug":"contouring-palett","status":"publish","type":"product","link":"https:\/\/makeupatelier.ee\/pood\/product\/contouring-palett\/","title":{"rendered":"Contouring palett"},"content":{"rendered":"<p><span style=\"font-family: Roboto, sans-serif; font-size: 12px; text-align: center;\">Synthetic mica is free of heavy metals, it has reflective properties allowing a shimmery effect in mineral powders. Boron Nitride provides a soft focus effect on little lines and open pores, increases adherence on the skin and acts as oil absorbent. Nylon powder composed of spherical and flexible particles smoothes the skin and sets the make-up with no migration in little wrinkles.<\/span><br \/>\n<strong style=\"margin: 0px; padding: 0px; border: 0px; font-family: Roboto, sans-serif; line-height: inherit; font-size: 12px; vertical-align: baseline; text-align: center;\">INGREDIENTS:\u00a0<\/strong><span style=\"font-family: Roboto, sans-serif; font-size: 12px; text-align: center;\">MICA, TALC, NYLON-12, BORON NITRIDE, BIS-HYDROXYETHOXYPROPYL DIMETHICONE, BENZYL ALCOHOL, DEHYDROACETIC ACID.\u00a0<\/span><span id=\"docs-internal-guid-5d93acd0-dd3a-14a3-cf11-6b281ec3f90e\" style=\"margin: 0px; padding: 0px; border: 0px; font-family: Roboto, sans-serif; line-height: inherit; font-size: 12px; vertical-align: baseline; text-align: center;\">(+\/-) PEUT CONTENIR\/MAY CONTAIN: TITANIUM DIOXIDE (CI 77891),IRON OXIDES ( CI 77492, CI 77491,CI 77499)<\/span><\/p>\n","protected":false},"excerpt":{"rendered":"<p>Professionaalne kontuurimispalett<br \/>\nLoo t\u00e4iuslikult modelleeritud n\u00e4ojooned selle k\u00f5rgekvaliteedilise kontuurimispaletiga! Komplektis on kaks siidise tekstuuriga puudrit: pehme matt highlighter ja matt varjupuuder n\u00e4ojoonte r\u00f5hutamiseks ja loomuliku kontuuri loomiseks.<\/p>\n<p>Highlighter annab nahale v\u00e4rskuse ja loomuliku s\u00e4ra<br \/>\nPehme modelleeriv varjupuuder aitab n\u00e4gu optiliselt vormida ja s\u00fcgavust lisada<br \/>\nL\u00f5hna- ja parabeenivaba \u2013 sobib ka tundlikule nahale<br \/>\nSobib professionaalseks ja igap\u00e4evaseks kasutamiseks<br \/>\nKompaktne ja praktiline karp \u2013 mugav kaasas kanda<\/p>\n<p>Sinu ideaalne abimees kontuurimiseks nii fotomeigis kui igap\u00e4evaseks v\u00e4rskeks jumeks!<\/p>\n","protected":false},"featured_media":24565,"comment_status":"open","ping_status":"closed","template":"","meta":[],"product_cat":[203],"product_tag":[],"class_list":{"0":"post-24566","1":"product","2":"type-product","3":"status-publish","4":"has-post-thumbnail","6":"product_cat-modelleering","8":"first","9":"instock","10":"sale","11":"taxable","12":"shipping-taxable","13":"purchasable","14":"product-type-variable"},"aioseo_notices":[],"_links":{"self":[{"href":"https:\/\/makeupatelier.ee\/pood\/wp-json\/wp\/v2\/product\/24566","targetHints":{"allow":["GET"]}}],"collection":[{"href":"https:\/\/makeupatelier.ee\/pood\/wp-json\/wp\/v2\/product"}],"about":[{"href":"https:\/\/makeupatelier.ee\/pood\/wp-json\/wp\/v2\/types\/product"}],"replies":[{"embeddable":true,"href":"https:\/\/makeupatelier.ee\/pood\/wp-json\/wp\/v2\/comments?post=24566"}],"wp:featuredmedia":[{"embeddable":true,"href":"https:\/\/makeupatelier.ee\/pood\/wp-json\/wp\/v2\/media\/24565"}],"wp:attachment":[{"href":"https:\/\/makeupatelier.ee\/pood\/wp-json\/wp\/v2\/media?parent=24566"}],"wp:term":[{"taxonomy":"product_cat","embeddable":true,"href":"https:\/\/makeupatelier.ee\/pood\/wp-json\/wp\/v2\/product_cat?post=24566"},{"taxonomy":"product_tag","embeddable":true,"href":"https:\/\/makeupatelier.ee\/pood\/wp-json\/wp\/v2\/product_tag?post=24566"}],"curies":[{"name":"wp","href":"https:\/\/api.w.org\/{rel}","templated":true}]}}