{"id":24564,"date":"2024-09-05T14:06:43","date_gmt":"2024-09-05T11:06:43","guid":{"rendered":"http:\/\/makeupatelier.ee\/pood\/product\/kulmupalett\/"},"modified":"2026-03-06T13:22:45","modified_gmt":"2026-03-06T11:22:45","slug":"kulmupalett","status":"publish","type":"product","link":"https:\/\/makeupatelier.ee\/pood\/product\/kulmupalett\/","title":{"rendered":"Kulmupalett"},"content":{"rendered":"<p>ISODODECANE, POLYPROPYLSILSESQUIOXANE, TRIMETHYLSILOXYSILICATE, C30-45 ALKYLDIMETHYLSILYL POLYPROPYLSILSESQUIOXANE, GLYCERYL STEARATE, ISOPROPYLE MYRISTATE, TOCOPHERYL ACETATE, RETINYL PALMITATE, SILICA DIMETHYL SILYLATE, PROPYLENE CARBONATE, BENZYL ALCOHOL, DEHYDROACETIC ACID. (+\/-) PEUT CONTENIR\/MAY CONTAIN: TITANIUM DIOXIDE (CI 77891), IRON OXIDES (CI 77492, CI 77491, CI 77499), CARMINE (CI 75470), CHROMIUM HYDROXIDE GREEN (CI 77289), CHROMIUM OXIDE GREENS (CI 77288), ULTRAMARINES (CI 77007), BLUE 1 LAKE (CI 42090), YELLOW 5 LAKE (CI 19140), FERRIC FERROCYANIDE (CI 77510), BISMUTH OXYCHLORIDE (CI 77163), MANGANESE VIOLET (CI 77742). NOT TESTED ON ANIMALS.<\/p>\n","protected":false},"excerpt":{"rendered":"<p>Kulmupalett (cake-m\u00e4rjalt kui ka kuivalt kasutatav palett), mis sobib k\u00f5ikide kulmutoonidega. K\u00f5rge pigmentatsiooniga tugevad v\u00e4rvid. Intensiivsema efekti saavutamiseks kanna peale m\u00e4rja pintsliga. Suitsuse efekti saavutamiseks kanna peale kuiva pintsliga.<br \/>\nTegemist on tootega, mis peaks olema iga jumestuskunstniku meigikohvris. Lihtsusab oluliselt jumestuskunstniku t\u00f6\u00f6d.<\/p>\n<p>10g<\/p>\n","protected":false},"featured_media":24563,"comment_status":"open","ping_status":"closed","template":"","meta":[],"product_cat":[202],"product_tag":[],"class_list":{"0":"post-24564","1":"product","2":"type-product","3":"status-publish","4":"has-post-thumbnail","6":"product_cat-kulmud","8":"first","9":"instock","10":"taxable","11":"shipping-taxable","12":"purchasable","13":"product-type-variable"},"aioseo_notices":[],"_links":{"self":[{"href":"https:\/\/makeupatelier.ee\/pood\/wp-json\/wp\/v2\/product\/24564","targetHints":{"allow":["GET"]}}],"collection":[{"href":"https:\/\/makeupatelier.ee\/pood\/wp-json\/wp\/v2\/product"}],"about":[{"href":"https:\/\/makeupatelier.ee\/pood\/wp-json\/wp\/v2\/types\/product"}],"replies":[{"embeddable":true,"href":"https:\/\/makeupatelier.ee\/pood\/wp-json\/wp\/v2\/comments?post=24564"}],"wp:featuredmedia":[{"embeddable":true,"href":"https:\/\/makeupatelier.ee\/pood\/wp-json\/wp\/v2\/media\/24563"}],"wp:attachment":[{"href":"https:\/\/makeupatelier.ee\/pood\/wp-json\/wp\/v2\/media?parent=24564"}],"wp:term":[{"taxonomy":"product_cat","embeddable":true,"href":"https:\/\/makeupatelier.ee\/pood\/wp-json\/wp\/v2\/product_cat?post=24564"},{"taxonomy":"product_tag","embeddable":true,"href":"https:\/\/makeupatelier.ee\/pood\/wp-json\/wp\/v2\/product_tag?post=24564"}],"curies":[{"name":"wp","href":"https:\/\/api.w.org\/{rel}","templated":true}]}}