{"id":24542,"date":"2024-09-05T11:06:23","date_gmt":"2024-09-05T11:06:23","guid":{"rendered":"http:\/\/makeupatelier.ee\/pood\/product\/ecotools-start-the-day-beaitufully-set\/"},"modified":"2026-03-18T02:00:08","modified_gmt":"2026-03-18T00:00:08","slug":"ecotools-start-the-day-beaitufully-set","status":"publish","type":"product","link":"https:\/\/makeupatelier.ee\/pood\/product\/ecotools-start-the-day-beaitufully-set\/","title":{"rendered":"ECOTOOLS Start The Day Beaitufully set"},"content":{"rendered":"","protected":false},"excerpt":{"rendered":"<p>5-osaline jumestuspintslite komplekt ja metallist karp.<br \/>\nKeskonnas\u00f5bralik toode n\u00e4itab austust planeedi vastu. K\u00f5ik Ecotoolsi tooted on valmistatud v\u00f5imalikult looduss\u00f5bralikest koostisosadest. Ei tekita allergiaid. Valmistatud maakera s\u00e4\u00e4stvaid tehnoloogiaid kasutades; bambusest k\u00e4epide omab v\u00e4hest m\u00f5ju maakerale kuna ressurss on kiirelt taastuv, s\u00fcnteetilise taklon pintslikiudude valmistamisel ei ole kasutatud \u00fchegi looma karvu, pintsliv\u00f5ru on valmistatud taaskasutatud alumiiniumist.<\/p>\n","protected":false},"featured_media":24541,"comment_status":"open","ping_status":"closed","template":"","meta":[],"product_cat":[201],"product_tag":[],"class_list":{"0":"post-24542","1":"product","2":"type-product","3":"status-publish","4":"has-post-thumbnail","6":"product_cat-pintslid","8":"first","9":"instock","10":"sale","11":"taxable","12":"shipping-taxable","13":"purchasable","14":"product-type-simple"},"aioseo_notices":[],"_links":{"self":[{"href":"https:\/\/makeupatelier.ee\/pood\/wp-json\/wp\/v2\/product\/24542","targetHints":{"allow":["GET"]}}],"collection":[{"href":"https:\/\/makeupatelier.ee\/pood\/wp-json\/wp\/v2\/product"}],"about":[{"href":"https:\/\/makeupatelier.ee\/pood\/wp-json\/wp\/v2\/types\/product"}],"replies":[{"embeddable":true,"href":"https:\/\/makeupatelier.ee\/pood\/wp-json\/wp\/v2\/comments?post=24542"}],"wp:featuredmedia":[{"embeddable":true,"href":"https:\/\/makeupatelier.ee\/pood\/wp-json\/wp\/v2\/media\/24541"}],"wp:attachment":[{"href":"https:\/\/makeupatelier.ee\/pood\/wp-json\/wp\/v2\/media?parent=24542"}],"wp:term":[{"taxonomy":"product_cat","embeddable":true,"href":"https:\/\/makeupatelier.ee\/pood\/wp-json\/wp\/v2\/product_cat?post=24542"},{"taxonomy":"product_tag","embeddable":true,"href":"https:\/\/makeupatelier.ee\/pood\/wp-json\/wp\/v2\/product_tag?post=24542"}],"curies":[{"name":"wp","href":"https:\/\/api.w.org\/{rel}","templated":true}]}}