{"id":24525,"date":"2024-09-05T14:05:49","date_gmt":"2024-09-05T11:05:49","guid":{"rendered":"http:\/\/makeupatelier.ee\/pood\/product\/pintslipuhastus-vahend-alkoholiga\/"},"modified":"2026-04-25T03:00:51","modified_gmt":"2026-04-25T00:00:51","slug":"pintslipuhastus-vahend-alkoholiga","status":"publish","type":"product","link":"https:\/\/makeupatelier.ee\/pood\/product\/pintslipuhastus-vahend-alkoholiga\/","title":{"rendered":"Pintslipuhastusvahend (alkoholiga)"},"content":{"rendered":"","protected":false},"excerpt":{"rendered":"<p>Pintslipuhastus vahend. Eemaldab bakterid ja on m\u00f5eldud kiireks puhastamiseks, 100ml<br \/>\nKanna v\u00e4ike kogus toodet pintsli karvadele (vajadusel korda) ning kuivata \u00f5rnalt liigutades pintslit edasi-tagasi m\u00f6\u00f6da salvr\u00e4tikut.<\/p>\n","protected":false},"featured_media":28204,"comment_status":"open","ping_status":"closed","template":"","meta":[],"product_cat":[201],"product_tag":[],"class_list":{"0":"post-24525","1":"product","2":"type-product","3":"status-publish","4":"has-post-thumbnail","6":"product_cat-pintslid","8":"first","9":"instock","10":"taxable","11":"shipping-taxable","12":"purchasable","13":"product-type-simple"},"aioseo_notices":[],"_links":{"self":[{"href":"https:\/\/makeupatelier.ee\/pood\/wp-json\/wp\/v2\/product\/24525","targetHints":{"allow":["GET"]}}],"collection":[{"href":"https:\/\/makeupatelier.ee\/pood\/wp-json\/wp\/v2\/product"}],"about":[{"href":"https:\/\/makeupatelier.ee\/pood\/wp-json\/wp\/v2\/types\/product"}],"replies":[{"embeddable":true,"href":"https:\/\/makeupatelier.ee\/pood\/wp-json\/wp\/v2\/comments?post=24525"}],"wp:featuredmedia":[{"embeddable":true,"href":"https:\/\/makeupatelier.ee\/pood\/wp-json\/wp\/v2\/media\/28204"}],"wp:attachment":[{"href":"https:\/\/makeupatelier.ee\/pood\/wp-json\/wp\/v2\/media?parent=24525"}],"wp:term":[{"taxonomy":"product_cat","embeddable":true,"href":"https:\/\/makeupatelier.ee\/pood\/wp-json\/wp\/v2\/product_cat?post=24525"},{"taxonomy":"product_tag","embeddable":true,"href":"https:\/\/makeupatelier.ee\/pood\/wp-json\/wp\/v2\/product_tag?post=24525"}],"curies":[{"name":"wp","href":"https:\/\/api.w.org\/{rel}","templated":true}]}}