{"id":2084,"date":"2017-03-27T15:44:06","date_gmt":"2017-03-27T12:44:06","guid":{"rendered":"http:\/\/makeupatelier.ee\/meigikool\/?page_id=2084"},"modified":"2018-05-31T12:19:11","modified_gmt":"2018-05-31T09:19:11","slug":"merlit-veldi","status":"publish","type":"page","link":"https:\/\/makeupatelier.ee\/meigikool\/merlit-veldi\/","title":{"rendered":"Merlit Veldi"},"content":{"rendered":"\n<p>[vc_row][vc_column][vc_column_text]<strong>Erialane t\u00e4iend\u00f5pe<\/strong><br \/>\n2008 Eesti Kosmeetikute ja Juuksurite Erakool Diariss<br \/>\n2005 \u2013 2006 Tiiu Luht Grimmistuudium<br \/>\n2001 Jana Trink Erakool: Maalimine<br \/>\n1999 \u2013 2000 College of Lake County, USA Southlake Educational Center:<br \/>\nMaalimine, v\u00e4rvi\u00f5petus ja kompositsioon.<\/p>\n<p><strong>Jumestuse- ja grimmikoolitused<\/strong><br \/>\nAgu-Gustav P\u00fc\u00fcman &#8211; \u201e14.-18.saj. Soengud, jumestus ja kost\u00fc\u00fcmid&#8221;<br \/>\nMaurice Stein \/Cinema Secrets asutaja &#8211; \u201eMakeup and special effects workshop&#8221;<br \/>\nNatalja Nikitina &#8211; \u201eFashion make-up \u00b480 and gothic style&#8221;<br \/>\nKatrin Sangla \u2013 Airbrush makeup workshop<br \/>\nAndreas Moravec &#8211; \u201e Eriefektid \u2013 silikoonmaskite valmistamine ja kujundamine<br \/>\nAgu-Gustav P\u00fc\u00fcman &#8211; \u201e17.-18. saj. Soengud, jumestus ja kost\u00fc\u00fcmid&#8221;<br \/>\nEstonian Makeup Union &#8211; \u201eTrendijumestus ja uued suunad&#8221;<br \/>\nIrina Ab\u00f5zova (Moskva) \u2013 Kreatiivmeigikunstnik<br \/>\nDenis Skakunov (Moskva) \u2013 Soengukoolitus pikkadele ja l\u00fchikestele juustele<br \/>\nDeniss Skakunov(Moskva) \u2013 Juuksel\u00f5ikuskoolitus mehed\/naised<br \/>\n<strong><br \/>\nT\u00f6\u00f6kogemus<\/strong><\/p>\n<p>2017 &#8211; &#8230; Eesti Rahvusringh\u00e4\u00e4lingu Aktuaalse Kaamera grimeerija<br \/>\n2012 &#8211; \u2026 Eesti Meigikunstnike \u00dchendus meigi- ja grimmi\u00f5petaja<br \/>\n2011 &#8211; \u2026 vabakutseline<br \/>\n2009 &#8211; 2011 O\u00dc Leesik &amp; Niel\u00e4nder Jumestaja ja grimeerija<br \/>\nO\u00dc Beauty Baltic Stagecolori jumestaja ja konsultant<br \/>\n2007 &#8211; \u2026 Eesti Jumestajate ja Grimeerijate \u00dchendus &#8211; sekret\u00e4r<\/p>\n<p><strong>Jumestuse- ja grimmit\u00f6\u00f6d:<\/strong><\/p>\n<p><strong>Filmid<\/strong><\/p>\n<p>&#8220;Sangarid&#8221; &#8211; rez. Jaak Kilmi, 2017\/ grimeerija assistent<br \/>\n\u201eMagnus&#8221; &#8211; rez. Kadri K\u00f5usaar, 2007 \/ Kfilm \u2013 make-up artist<br \/>\n\u201eV\u00f5\u00f5ras&#8221; &#8211; rez. Dirk Hoyer, 2007 \/ BMFK \u2013 make-up artist<br \/>\n\u201eTaarka&#8221; &#8211; rez. Ain M\u00e4eots, 2008 \/ Exitfilm \u2013 make-up artist<br \/>\n\u201eDetsembrikuumus&#8221; &#8211; rez. Asko Kase, 2008 \/ Ruut \u2013 make-up assistent<br \/>\n\u201eFobos&#8221; &#8211; rez. Oleg Assadulin, 2008 \/ Taska Film &amp; Art Pictures \u2013 make-up artist<br \/>\n\u201eIsajev&#8221; &#8211; rez. Sergei Ursuljak, 2008 \/ &#8211; make-up assistent<br \/>\n\u201ePunane elavh\u00f5be&#8221; &#8211; rez. Andres Puustusmaa, 2009 \/ make-up assistent<br \/>\n&#8220;K\u00f5ik muusikud on kaabakad&#8221; &#8211; rez. Heleri Saarik, 2012 \/ make-up artist<br \/>\n&#8220;European Psycho&#8221; &#8211; rez. Kadri K\u00f5usaar, 2013 \/ make-up artist<br \/>\n\u201cRisttuules\u201d &#8211; rez. Martti Helde, 2014\/ make-up assistent<br \/>\n\u201cIkitie\u201d &#8211; rez. AJ Annila, 2017\/ make-up assistent<\/p>\n<p><strong>TV seriaalid<\/strong><\/p>\n<p>&#8220;Pank&#8221;\/ 2018 &#8211; grimmikunstnik<br \/>\n&#8220;Su n\u00e4gu k\u00f5lab tuttavalt&#8221; &#8211; 2017 &#8211; TV3 \/ grimeerija<br \/>\nseriaal \u201eKodu keset linna&#8221; \/ oct. 2005 \u2013 may 2008 \u2013 TV 3<br \/>\nseriaal \u201eHelena&#8221;\/ sept. 2006 \u2013 TV 3<br \/>\ntv-show \u201eTOP 10&#8243; \/ mar. 2006<br \/>\ntv-show \u201eEetris ainult t\u00fcdrukud&#8221; \/ oct. 2006 \u2013 Eeter TV<br \/>\n\u201eEesti otsib superstaari \/ 2007 \u2013 TV 3<br \/>\n\u201eEestimaa uhkus 2007&#8243; &#8211; TV 3<br \/>\n\u201eJumal t\u00e4natud et sa siin oled&#8221; \/ 2007 &#8211; Kanal 2<br \/>\n\u201eKalevi naised&#8221; \/ 2008 \u2013 Kalev TV<br \/>\n\u201eSaladused&#8221; \/ 2008 \u2013 Kanal 2<br \/>\n\u201eBraavo&#8221; \/ 2008 \u2013 Kanal 2<br \/>\n\u201eTuulepealne maa&#8221; \/ 2008 &#8211; ERR<br \/>\n\u201eTalendijaht&#8221; \/ 2009 \u2013 Kanal 2<br \/>\n\u201eEesti otsib oma laulu&#8221; \/ 2009 \u2013 TV 3<br \/>\n\u201eV\u00f5ta v\u00f5i j\u00e4ta&#8221; \/ 2009 \u2013 TV 3<br \/>\n\u201eTargem kui 5B&#8221; \/ 2009 \u2013 TV 3<br \/>\n\u201eBingo loto&#8221; \/ 2009 \u2013 ERR<br \/>\n\u201eT\u00e4hed muusikas&#8221; \/ 2009 \u2013 TV3<br \/>\n&#8220;Eesti Muusika Auhinnade Gala&#8221; \/ 2011 &#8211; TV3<br \/>\n&#8220;K\u00e4limehed&#8221; \/ 2010 &#8211; 2011 &#8211; TV3<br \/>\n&#8220;Saladused&#8221; \/ 2010 &#8211; \u2026. Kanal 2<br \/>\n&#8220;Suletud uste taga&#8221;\/ 2012 &#8211; \u2026. TV3<br \/>\n<strong><br \/>\nTeatriprojektid<\/strong><br \/>\nmuusikal \u201eGeorg&#8221; and \u201eTuhkatriinu&#8221; \/ 2005<br \/>\n\u201ePuujala ja \u00fckssilma s\u00f5da&#8221; &#8211; Kaari Sillamaa Musical and Theatre School \/ oct. 2005<br \/>\n\u201eDraakon&#8221; &#8211; Teoteater \/ july-aug. 2005<br \/>\n\u201eT\u00f5de ja \u00f5igus&#8221; &#8211; Tallinn City Theatre \/ may \u2013 july. 2006<br \/>\n\u201eEesti naiste laulud&#8221; &#8211; dir. Peeter Jalakas \/ 2007<br \/>\nHistorical performance for University of Tartu 375. anniversary \u2013 dir. Ain M\u00e4eots<br \/>\n&#8220;P\u00e4\u00e4stke j\u00f5ulud&#8221; &#8211; Teoteater \/ 2009 &#8211; 2011<br \/>\n&#8220;Robinsonid&#8221; &#8211; VAT Teater \/ 2011<br \/>\n&#8220;Vanaisa&#8221; Jan Uusp\u00f5ld \/ Monoteater 2012<\/p>\n<p><strong>Muusikavideod<\/strong><br \/>\nTanel Padar and the Sun &#8211; \u201eTo hurt Somebody&#8221;<br \/>\nPopidiots &#8211; \u201eHangin on Friday&#8221;<br \/>\n<strong><br \/>\nL\u00fchifilmid <\/strong><br \/>\nBalti Film and Media School \u00f5pilastega \u2013 2005 &#8211; &#8230;..<br \/>\nTV reklaamid<br \/>\nKuukulgur Film, Revolver, Taevas, Moskiito, T\u00f6\u00f6, Leo Burnet, MANK, Catapult, Allfilm, Essence Pictures, Cuba Films, Stellar<\/p>\n<p><strong>Ajakirjad <\/strong><br \/>\n\u201cAnne ja Stiil\u201d, \u201cPere ja kodu\u201d, \u201cK\u00e4sit\u00f6\u00f6\u201d, \u201cArter\u201d, \u201cNaised\u201d, \u201cEesti Naine\u201d<\/p>\n<p><strong>Fotograafid<\/strong><br \/>\nJarek J\u00f5epera, Annika Metsla, Diana Unt, Kaupo Kikas, Maiken Staak, Stina Kase, Laura Kallasvee, Kalle Veesaar, Madis Palm, Olga Makina, Marit Kuusk,\u00a0Terje Taltsi<\/p>\n<p><strong>Fashion <\/strong><br \/>\nFashion collections by Liisi Eesmaa, Jaanika Terasmaa, Ester Kannelm\u00e4e, Reet Aus,<br \/>\nMerit Boeijkens[\/vc_column_text][\/vc_column][\/vc_row]<\/p>\n","protected":false},"excerpt":{"rendered":"<p>[vc_row][vc_column][vc_column_text]Erialane t\u00e4iend\u00f5pe 2008 Eesti Kosmeetikute ja Juuksurite Erakool Diariss 2005 \u2013 2006 Tiiu Luht Grimmistuudium 2001 Jana Trink Erakool: Maalimine 1999 \u2013 2000 College of Lake County, USA Southlake Educational Center: Maalimine, v\u00e4rvi\u00f5petus ja kompositsioon. Jumestuse- ja grimmikoolitused Agu-Gustav P\u00fc\u00fcman &#8211; \u201e14.-18.saj. Soengud, jumestus ja kost\u00fc\u00fcmid&#8221; Maurice Stein \/Cinema Secrets asutaja &#8211; \u201eMakeup and special [&hellip;]<\/p>\n","protected":false},"author":1,"featured_media":0,"parent":0,"menu_order":0,"comment_status":"closed","ping_status":"closed","template":"","meta":{"footnotes":""},"class_list":["post-2084","page","type-page","status-publish","hentry"],"yoast_head":"<!-- This site is optimized with the Yoast SEO plugin v24.4 - https:\/\/yoast.com\/wordpress\/plugins\/seo\/ -->\n<title>Merlit Veldi - ATELIER Meigikool<\/title>\n<meta name=\"robots\" content=\"index, follow, max-snippet:-1, max-image-preview:large, max-video-preview:-1\" \/>\n<link rel=\"canonical\" href=\"https:\/\/makeupatelier.ee\/meigikool\/merlit-veldi\/\" \/>\n<meta property=\"og:locale\" content=\"et_EE\" \/>\n<meta property=\"og:type\" content=\"article\" \/>\n<meta property=\"og:title\" content=\"Merlit Veldi - ATELIER Meigikool\" \/>\n<meta property=\"og:description\" content=\"[vc_row][vc_column][vc_column_text]Erialane t\u00e4iend\u00f5pe 2008 Eesti Kosmeetikute ja Juuksurite Erakool Diariss 2005 \u2013 2006 Tiiu Luht Grimmistuudium 2001 Jana Trink Erakool: Maalimine 1999 \u2013 2000 College of Lake County, USA Southlake Educational Center: Maalimine, v\u00e4rvi\u00f5petus ja kompositsioon. Jumestuse- ja grimmikoolitused Agu-Gustav P\u00fc\u00fcman &#8211; \u201e14.-18.saj. Soengud, jumestus ja kost\u00fc\u00fcmid&#8221; Maurice Stein \/Cinema Secrets asutaja &#8211; \u201eMakeup and special [&hellip;]\" \/>\n<meta property=\"og:url\" content=\"https:\/\/makeupatelier.ee\/meigikool\/merlit-veldi\/\" \/>\n<meta property=\"og:site_name\" content=\"ATELIER Meigikool\" \/>\n<meta property=\"article:modified_time\" content=\"2018-05-31T09:19:11+00:00\" \/>\n<meta name=\"twitter:card\" content=\"summary_large_image\" \/>\n<meta name=\"twitter:label1\" content=\"Est. reading time\" \/>\n\t<meta name=\"twitter:data1\" content=\"3 minutit\" \/>\n<script type=\"application\/ld+json\" class=\"yoast-schema-graph\">{\"@context\":\"https:\/\/schema.org\",\"@graph\":[{\"@type\":\"WebPage\",\"@id\":\"https:\/\/makeupatelier.ee\/meigikool\/merlit-veldi\/\",\"url\":\"https:\/\/makeupatelier.ee\/meigikool\/merlit-veldi\/\",\"name\":\"Merlit Veldi - ATELIER Meigikool\",\"isPartOf\":{\"@id\":\"https:\/\/makeupatelier.ee\/meigikool\/#website\"},\"datePublished\":\"2017-03-27T12:44:06+00:00\",\"dateModified\":\"2018-05-31T09:19:11+00:00\",\"breadcrumb\":{\"@id\":\"https:\/\/makeupatelier.ee\/meigikool\/merlit-veldi\/#breadcrumb\"},\"inLanguage\":\"et\",\"potentialAction\":[{\"@type\":\"ReadAction\",\"target\":[\"https:\/\/makeupatelier.ee\/meigikool\/merlit-veldi\/\"]}]},{\"@type\":\"BreadcrumbList\",\"@id\":\"https:\/\/makeupatelier.ee\/meigikool\/merlit-veldi\/#breadcrumb\",\"itemListElement\":[{\"@type\":\"ListItem\",\"position\":1,\"name\":\"Home\",\"item\":\"https:\/\/makeupatelier.ee\/meigikool\/\"},{\"@type\":\"ListItem\",\"position\":2,\"name\":\"Merlit Veldi\"}]},{\"@type\":\"WebSite\",\"@id\":\"https:\/\/makeupatelier.ee\/meigikool\/#website\",\"url\":\"https:\/\/makeupatelier.ee\/meigikool\/\",\"name\":\"ATELIER Meigikool\",\"description\":\"Meigikool\",\"publisher\":{\"@id\":\"https:\/\/makeupatelier.ee\/meigikool\/#organization\"},\"potentialAction\":[{\"@type\":\"SearchAction\",\"target\":{\"@type\":\"EntryPoint\",\"urlTemplate\":\"https:\/\/makeupatelier.ee\/meigikool\/?s={search_term_string}\"},\"query-input\":{\"@type\":\"PropertyValueSpecification\",\"valueRequired\":true,\"valueName\":\"search_term_string\"}}],\"inLanguage\":\"et\"},{\"@type\":\"Organization\",\"@id\":\"https:\/\/makeupatelier.ee\/meigikool\/#organization\",\"name\":\"ATELIER Meigikool\",\"url\":\"https:\/\/makeupatelier.ee\/meigikool\/\",\"logo\":{\"@type\":\"ImageObject\",\"inLanguage\":\"et\",\"@id\":\"https:\/\/makeupatelier.ee\/meigikool\/#\/schema\/logo\/image\/\",\"url\":\"https:\/\/makeupatelier.ee\/meigikool\/wp-content\/uploads\/2017\/03\/cropped-Logo-A-Noir-e1490355572366.png\",\"contentUrl\":\"https:\/\/makeupatelier.ee\/meigikool\/wp-content\/uploads\/2017\/03\/cropped-Logo-A-Noir-e1490355572366.png\",\"width\":137,\"height\":137,\"caption\":\"ATELIER Meigikool\"},\"image\":{\"@id\":\"https:\/\/makeupatelier.ee\/meigikool\/#\/schema\/logo\/image\/\"}}]}<\/script>\n<!-- \/ Yoast SEO plugin. -->","yoast_head_json":{"title":"Merlit Veldi - ATELIER Meigikool","robots":{"index":"index","follow":"follow","max-snippet":"max-snippet:-1","max-image-preview":"max-image-preview:large","max-video-preview":"max-video-preview:-1"},"canonical":"https:\/\/makeupatelier.ee\/meigikool\/merlit-veldi\/","og_locale":"et_EE","og_type":"article","og_title":"Merlit Veldi - ATELIER Meigikool","og_description":"[vc_row][vc_column][vc_column_text]Erialane t\u00e4iend\u00f5pe 2008 Eesti Kosmeetikute ja Juuksurite Erakool Diariss 2005 \u2013 2006 Tiiu Luht Grimmistuudium 2001 Jana Trink Erakool: Maalimine 1999 \u2013 2000 College of Lake County, USA Southlake Educational Center: Maalimine, v\u00e4rvi\u00f5petus ja kompositsioon. Jumestuse- ja grimmikoolitused Agu-Gustav P\u00fc\u00fcman &#8211; \u201e14.-18.saj. Soengud, jumestus ja kost\u00fc\u00fcmid&#8221; Maurice Stein \/Cinema Secrets asutaja &#8211; \u201eMakeup and special [&hellip;]","og_url":"https:\/\/makeupatelier.ee\/meigikool\/merlit-veldi\/","og_site_name":"ATELIER Meigikool","article_modified_time":"2018-05-31T09:19:11+00:00","twitter_card":"summary_large_image","twitter_misc":{"Est. reading time":"3 minutit"},"schema":{"@context":"https:\/\/schema.org","@graph":[{"@type":"WebPage","@id":"https:\/\/makeupatelier.ee\/meigikool\/merlit-veldi\/","url":"https:\/\/makeupatelier.ee\/meigikool\/merlit-veldi\/","name":"Merlit Veldi - ATELIER Meigikool","isPartOf":{"@id":"https:\/\/makeupatelier.ee\/meigikool\/#website"},"datePublished":"2017-03-27T12:44:06+00:00","dateModified":"2018-05-31T09:19:11+00:00","breadcrumb":{"@id":"https:\/\/makeupatelier.ee\/meigikool\/merlit-veldi\/#breadcrumb"},"inLanguage":"et","potentialAction":[{"@type":"ReadAction","target":["https:\/\/makeupatelier.ee\/meigikool\/merlit-veldi\/"]}]},{"@type":"BreadcrumbList","@id":"https:\/\/makeupatelier.ee\/meigikool\/merlit-veldi\/#breadcrumb","itemListElement":[{"@type":"ListItem","position":1,"name":"Home","item":"https:\/\/makeupatelier.ee\/meigikool\/"},{"@type":"ListItem","position":2,"name":"Merlit Veldi"}]},{"@type":"WebSite","@id":"https:\/\/makeupatelier.ee\/meigikool\/#website","url":"https:\/\/makeupatelier.ee\/meigikool\/","name":"ATELIER Meigikool","description":"Meigikool","publisher":{"@id":"https:\/\/makeupatelier.ee\/meigikool\/#organization"},"potentialAction":[{"@type":"SearchAction","target":{"@type":"EntryPoint","urlTemplate":"https:\/\/makeupatelier.ee\/meigikool\/?s={search_term_string}"},"query-input":{"@type":"PropertyValueSpecification","valueRequired":true,"valueName":"search_term_string"}}],"inLanguage":"et"},{"@type":"Organization","@id":"https:\/\/makeupatelier.ee\/meigikool\/#organization","name":"ATELIER Meigikool","url":"https:\/\/makeupatelier.ee\/meigikool\/","logo":{"@type":"ImageObject","inLanguage":"et","@id":"https:\/\/makeupatelier.ee\/meigikool\/#\/schema\/logo\/image\/","url":"https:\/\/makeupatelier.ee\/meigikool\/wp-content\/uploads\/2017\/03\/cropped-Logo-A-Noir-e1490355572366.png","contentUrl":"https:\/\/makeupatelier.ee\/meigikool\/wp-content\/uploads\/2017\/03\/cropped-Logo-A-Noir-e1490355572366.png","width":137,"height":137,"caption":"ATELIER Meigikool"},"image":{"@id":"https:\/\/makeupatelier.ee\/meigikool\/#\/schema\/logo\/image\/"}}]}},"_links":{"self":[{"href":"https:\/\/makeupatelier.ee\/meigikool\/wp-json\/wp\/v2\/pages\/2084","targetHints":{"allow":["GET"]}}],"collection":[{"href":"https:\/\/makeupatelier.ee\/meigikool\/wp-json\/wp\/v2\/pages"}],"about":[{"href":"https:\/\/makeupatelier.ee\/meigikool\/wp-json\/wp\/v2\/types\/page"}],"author":[{"embeddable":true,"href":"https:\/\/makeupatelier.ee\/meigikool\/wp-json\/wp\/v2\/users\/1"}],"replies":[{"embeddable":true,"href":"https:\/\/makeupatelier.ee\/meigikool\/wp-json\/wp\/v2\/comments?post=2084"}],"version-history":[{"count":0,"href":"https:\/\/makeupatelier.ee\/meigikool\/wp-json\/wp\/v2\/pages\/2084\/revisions"}],"wp:attachment":[{"href":"https:\/\/makeupatelier.ee\/meigikool\/wp-json\/wp\/v2\/media?parent=2084"}],"curies":[{"name":"wp","href":"https:\/\/api.w.org\/{rel}","templated":true}]}}